 33/(-5). Let f be p(y). Suppose -f*q + 4*k = 5, -2*k - 2 + 6 = 0. What is the highest common divisor of 2 and q?
1
Let z be (-74)/(-6) - (-8)/(-24). Let n be (-4)/16 + 387/z. Let m = 45 + n. Calculate the highest common divisor of m and 11.
11
Suppose 6*o = 2*x + 7*o - 148, 3*x - 211 = 4*o. What is the highest common factor of 292 and x?
73
Let t be (65/(-10))/(2/(-4)). Suppose -3*a + t = s - 0*s, -3*s - 4*a + 34 = 0. Calculate the greatest common divisor of 110 and s.
10
Let o(i) = 4*i**2 + 2*i + 3. Let l be o(-1). Let m(f) = 2*f - 5*f + 6*f**2 + 1 - f**3 - 5. Let t be m(l). Calculate the highest common factor of 3 and t.
3
Let j = -144 - -177. Calculate the highest common divisor of 77 and j.
11
Suppose 4*i = -5*k + 52, -2*i + 44 = k - 3*k. What is the highest common divisor of i and 198?
18
Let y = 50 - 23. Let o = 11 - y. Let w = 54 + o. What is the highest common factor of w and 19?
19
Let l be (-10)/8*(-9 + 5). Suppose l = -2*f + 25. Calculate the highest common divisor of 2 and f.
2
Suppose 20*z - 5072 - 9688 = 0. What is the greatest common divisor of 36 and z?
18
Let g = 218 + -194. Calculate the highest common factor of g and 24.
24
Let v(s) = s**2 - 4*s + 4. Let x be v(4). Suppose -3*m + 21 = x*m. What is the highest common factor of 33 and m?
3
Let d be (2/2)/(4/(10 - 2)). Calculate the highest common factor of 54 and d.
2
Suppose n + 4 = 2*b, 0 = b - 3*b + 10. What is the highest common divisor of 204 and n?
6
Suppose 6*m = 20*m - 140. Let p(i) = -18*i + 6. Let u be p(-3). Calculate the greatest common divisor of u and m.
10
Let b(n) = n**3 - 10*n**2 + 2. Let w be b(10). Suppose 6 = w*o, 3*o = m - 35 - 36. Calculate the highest common factor of m and 20.
20
Let b = 57 - 18. Let t = -35 + b. Let y = 0 - -12. What is the highest common divisor of y and t?
4
Suppose -17*x + 238 + 119 = 0. Calculate the highest common divisor of 147 and x.
21
Let h = 30 - 21. Suppose 0 = -3*w + h, -w + 0*w = -5*t + 2982. Suppose -m + c + 291 = 0, -2*m + 3*c = -2*c - t. What is the highest common factor of 26 and m?
26
Let t = -32 - -36. Suppose -w - 5 = 0, 2*l - t*w = -0*l + 92. Calculate the highest common divisor of l and 9.
9
Suppose 4*n + 46 = 5*y, 4*y - n = 2*n + 37. Let t(a) = -a**2 + 6*a + 12. Let q be t(y). Let z = q + 98. Calculate the greatest common divisor of z and 175.
35
Let a = -725 - -727. Let p = -3 - -7. Suppose -6 = -p*q + 6. Calculate the highest common factor of q and a.
1
Let j(c) = -2*c**3 - 32*c**2 - 5*c + 1. Let y be j(-16). Calculate the highest common divisor of y and 1053.
81
Let u(o) = 14*o - 103. Let q be u(11). What is the highest common divisor of q and 51?
51
Suppose d + t = 6*t - 23, 5*d + t - 15 = 0. Suppose -d*p = p + 12. Let j = p + 18. Calculate the greatest common divisor of 112 and j.
14
Suppose 0 = -3*x + 261 + 168. Suppose 1 = i + 3. Let q be (-13)/i*(-6)/(-3). Calculate the greatest common factor of q and x.
13
Suppose 281 = 7*c - 727. What is the highest common divisor of 9 and c?
9
Let r(w) = -4*w - 5*w + 2*w - 8 - w. Let p = 88 - 98. Let y be r(p). What is the greatest common divisor of y and 12?
12
Let w be (-1250)/22 + 8/(-44). Let z = -45 - w. Calculate the highest common factor of z and 132.
12
Let k be 76 - ((-21)/(-14) - (-90)/(-12)). Calculate the greatest common divisor of k and 8.
2
Let z be (-36)/20*(-25)/15. What is the greatest common divisor of z and 9?
3
Let v(m) = -3*m**2 + 2*m + 2. Let f be v(2). Let c be -2*f/(-3)*-3. Suppose 4*p = p - x + 13, 0 = -3*p - 3*x + 15. What is the highest common factor of p and c?
4
Suppose -10 = -2*o, 2*o + 113 = 4*c + 7*o. Suppose -8 = -x + c. What is the highest common divisor of x and 45?
15
Suppose -3*o - 2*g + 328 = -285, 5*o - g = 1026. Suppose o = -v - 4*v. Let y = -20 - v. Calculate the greatest common factor of y and 21.
21
Suppose -3*f + 219 = -0*f. Let t = -53 + f. Calculate the highest common factor of t and 4.
4
Suppose 70*y = 49*y + 105. Let r(i) = 17*i - 1. Let x be r(1). Suppose -2*z + 5*j = -0*z - 90, -4*j = x. What is the highest common factor of z and y?
5
Suppose 10*d - 155 - 265 = 0. Calculate the greatest common divisor of 112 and d.
14
Suppose -168 = -2*k - 3*z, -29*z = 3*k - 31*z - 252. Let m = 27 + -15. What is the highest common factor of m and k?
12
Let t be 11*2 - (-1 + 2). Suppose 5*x = 3*n + 6*x - 88, 4*x = 4*n - 96. Suppose -5*a = -3*a - n. Calculate the highest common divisor of t and a.
7
Let u(b) = -b**3 - 5*b**2 + 47*b - 3. Let o be u(-10). Calculate the greatest common factor of 1 and o.
1
Let x = 491 + -325. Suppose 3*s - 2*a - x = 0, 3*s - 2*a = 3*a + 163. What is the highest common divisor of 14 and s?
14
Suppose -13*q - 4*a = -15*q + 410, -3*q + 5*a + 617 = 0. Calculate the greatest common divisor of q and 133.
19
Suppose -5*f - 4*r + 926 + 854 = 0, -1465 = -4*f + 5*r. Calculate the greatest common factor of f and 648.
72
Suppose 3*r + 4*u - 1065 = 36, 0 = -3*r - 5*u + 1098. What is the greatest common divisor of r and 28?
7
Suppose 3*m + 4*n - 716 = 3*n, 4*m + 4*n = 968. Calculate the greatest common factor of m and 158.
79
Suppose -2*t = -0*t. Suppose t = -3*f - 0*f + 42. Suppose 0 = -69*r + 151*r - 164. Calculate the highest common divisor of r and f.
2
Suppose 2*m - 24 - 257 = -3*n, 0 = 3*m - 2*n - 389. Suppose 0 = m*c - 129*c - 540. Calculate the highest common factor of 15 and c.
15
Let x = 9 + 9. Let q be (-5 + 2)*19/(-3). Suppose -3*i - 4*w + q = -7, 2*w - 8 = i. What is the greatest common divisor of x and i?
2
Suppose 8*w = 9*w + 17. Let q = w - -30. Calculate the highest common divisor of 65 and q.
13
Suppose -4*l - 78 = -4*s + s, -2*s + 66 = 2*l. Calculate the greatest common divisor of s and 410.
10
Let q be -4 + (-2 - -10) + 10. Let j be (10/15)/((-2)/69). Let v = 37 + j. Calculate the greatest common factor of q and v.
14
Let w be (8/6)/(-2 + (-75)/(-36)). Let n(h) = -h**3 + 12*h**2 + 6*h - 11. Let x be n(11). What is the greatest common factor of w and x?
16
Let t(g) = g**2 + 239. Let j be t(0). Let s = -134 + j. Calculate the greatest common divisor of s and 42.
21
Suppose -158 = -3*q + 1057. Let t = q - 273. Suppose -3*v + v + t = 0. What is the greatest common divisor of 6 and v?
6
Suppose 8*b - 2*p - 74 = 5*b, -3*b + 75 = -3*p. What is the highest common divisor of b and 24?
24
Suppose 0 = -j - 5*h + 27 + 30, 5*j - 3*h - 257 = 0. Calculate the greatest common divisor of j and 494.
26
Suppose -o + 120 = 2*o. Let s(i) = -73*i - 12. Let c be s(-4). Calculate the greatest common divisor of o and c.
40
Suppose 10*z - 7*z + 5*i - 281 = 0, 2*z - 187 = -3*i. What is the greatest common factor of z and 1886?
46
Let f = -47 + 51. Suppose -2*l - 5 + 17 = 0. Let t = l + f. What is the highest common factor of t and 10?
10
Let w(k) = -k**3 + 7*k**2 + 19*k - 3. Suppose 7*t = -3*t + 90. Let l be w(t). What is the greatest common factor of 9 and l?
3
Let g = 4 - -1. Suppose -70 = -2*h - g*h. What is the greatest common factor of 20 and h?
10
Let f(r) = -r**3 + 7*r**2 + 11*r - 16. Let n be f(8). Suppose 2*b - 97 = -u - 15, -4*b = -u + 100. Calculate the highest common divisor of u and n.
8
Let f be (161/35)/(3/15). Calculate the greatest common divisor of f and 23.
23
Suppose 6 = -3*o, 5*o = -4*t - 10 - 8. Let j be (-70)/(-3) - t/(-6). What is the highest common divisor of 115 and j?
23
Let k(q) = 111*q. Let c be k(-1). Let g be c/(-9) - 3/9. Let n(v) = 2*v - 9. Let u be n(6). What is the greatest common factor of g and u?
3
Let p be (-69)/161 + (-636)/(-14). Calculate the highest common factor of p and 405.
45
Suppose 31*r - 37*r = -24. Suppose 0 = -3*y + 235 + 14. Let o = -55 + y. Calculate the greatest common divisor of r and o.
4
Let c = 49 - 25. Let n = 42 - c. Let z = n - -2. Calculate the greatest common factor of z and 4.
4
Suppose 5*w - 3*z - 152 = -z, -w - 5*z = -25. Suppose -h + w = 4*h. What is the highest common divisor of 2 and h?
2
Suppose -c - 1 = -19. Calculate the highest common factor of 207 and c.
9
Let r be -3 + 1 + 4/(-2)*-1. Let l be (-17)/6*(-6 - r). What is the highest common divisor of 153 and l?
17
Let d be (-3)/(-2)*(-206)/6*-2. Suppose 418 = 3*c + d. What is the highest common divisor of 15 and c?
15
Let g = -270 - -758. Suppose 4*r - c - 110 = 374, 4*r - 2*c - g = 0. Calculate the h